.
2, 3, 7, 13, 72467
What are the prime factors of 39211853?
39211853
What are the prime factors of 240854285?
5, 7, 6881551
List the prime factors of 500289.
3, 19, 67, 131
List the prime factors of 1204105348.
2, 31, 9710527
List the prime factors of 1934517656.
2, 241814707
What are the prime factors of 2465299813?
3299, 747287
What are the prime factors of 8450703?
3, 312989
What are the prime factors of 321769977?
3, 23, 89, 151, 347
What are the prime factors of 130227729?
3, 19, 2284697
What are the prime factors of 449741609?
19, 23, 1029157
List the prime factors of 312531356.
2, 41, 1905679
What are the prime factors of 28298165?
5, 7, 23, 35153
What are the prime factors of 5903309371?
641, 9209531
List the prime factors of 19568565.
3, 5, 434857
List the prime factors of 5303883641.
7, 757697663
List the prime factors of 15603501.
3, 17, 163, 1877
List the prime factors of 1140257602.
2, 11, 19, 547, 4987
What are the prime factors of 28806755?
5, 17, 19, 17837
List the prime factors of 2437506.
2, 3, 45139
What are the prime factors of 702395232?
2, 3, 7, 11, 95021
List the prime factors of 2317747640.
2, 5, 13, 277, 16091
List the prime factors of 233655494.
2, 29, 31, 129953
What are the prime factors of 47484971?
19, 89, 28081
List the prime factors of 356160177.
3, 3389, 11677
List the prime factors of 743790899.
743790899
What are the prime factors of 96055469?
19, 5055551
List the prime factors of 672532779.
3, 224177593
What are the prime factors of 25983957?
3, 1291, 6709
What are the prime factors of 57451633?
57451633
List the prime factors of 71556096.
2, 3, 23293
What are the prime factors of 47838338?
2, 23919169
What are the prime factors of 720407630?
2, 5, 83, 283, 3067
List the prime factors of 1357441592.
2, 13, 47, 331, 839
What are the prime factors of 641178925?
5, 181, 141697
What are the prime factors of 144466584?
2, 3, 43, 139987
List the prime factors of 26948257.
7, 127, 30313
What are the prime factors of 148430147?
19, 7812113
What are the prime factors of 122399694?
2, 3, 17, 151, 883
List the prime factors of 86568254.
2, 43284127
List the prime factors of 83748969.
3, 967, 9623
What are the prime factors of 170335609?
3539, 48131
List the prime factors of 220827922.
2, 7, 23, 677, 1013
List the prime factors of 25886501.
25886501
What are the prime factors of 263400059?
13, 19, 523, 2039
List the prime factors of 95087084.
2, 1553, 15307
What are the prime factors of 2215355734?
2, 113, 9802459
List the prime factors of 668838644.
2, 1663, 100547
What are the prime factors of 6583755321?
3, 11, 13, 37, 12569
List the prime factors of 46267927.
23, 149, 587
List the prime factors of 528234672.
2, 3, 7, 827, 1901
List the prime factors of 288498003.
3, 29, 3316069
What are the prime factors of 5952447?
3, 43, 1709
List the prime factors of 8900288.
2, 139067
What are the prime factors of 957406160?
2, 5, 431, 27767
List the prime factors of 2148602688.
2, 3, 19, 10333
List the prime factors of 1295498868.
2, 3, 67, 853, 1889
List the prime factors of 7498640837.
7498640837
What are the prime factors of 2354450156?
2, 17, 37, 935791
List the prime factors of 4461327613.
40351, 110563
What are the prime factors of 1036885433?
1036885433
List the prime factors of 867570939.
3, 53, 71, 8539
List the prime factors of 174828539.
131, 1334569
What are the prime factors of 827551594?
2, 413775797
List the prime factors of 882471783.
3, 53, 5550137
What are the prime factors of 79763768?
2, 7, 67, 3037
What are the prime factors of 472188888?
2, 3, 6558179
List the prime factors of 4299224.
2, 537403
What are the prime factors of 4170546994?
2, 31, 5101, 13187
What are the prime factors of 5025293?
7, 13, 23
List the prime factors of 43501532.
2, 10875383
What are the prime factors of 32326026?
2, 3, 67, 97, 829
List the prime factors of 2818390882.
2, 23, 43, 1424869
List the prime factors of 131906469.
3, 701, 62723
List the prime factors of 718589151.
3, 7, 73, 643
List the prime factors of 2102560559.
11, 71, 2692139
List the prime factors of 678164100.
2, 3, 5, 2260547
What are the prime factors of 5499666097?
5499666097
What are the prime factors of 37030461?
3, 13, 31, 109, 281
What are the prime factors of 72033964?
2, 17, 1059323
What are the prime factors of 1483748168?
2, 7, 17, 1558559
What are the prime factors of 47843953?
47843953
What are the prime factors of 587999090?
2, 5, 7, 8399987
List the prime factors of 40849204.
2, 11, 47, 19753
List the prime factors of 433716799.
47, 149, 61933
List the prime factors of 695398118.
2, 89, 3906731
What are the prime factors of 737710489?
587, 1256747
List the prime factors of 560440750.
2, 5, 673, 3331
What are the prime factors of 2520934879?
17, 89, 233, 7151
What are the prime factors of 653363?
653363
What are the prime factors of 295021155?
3, 5, 11, 13, 79, 1741
List the prime factors of 42119557.
17, 251, 9871
What are the prime factors of 104351932?
2, 1229, 21227
List the prime factors of 952173916.
2, 601, 396079
What are the prime factors of 742434605?
5, 11, 97, 317, 439
What are the prime factors of 32321531?
11, 139, 21139
List the prime factors of 542199353.
2053, 264101
List the prime factors of 32066129.
19, 811, 2081
List the prime factors of 83723766.
2, 3, 7, 19, 104917
What are the prime factors of 548940949?
257, 2135957
What are the prime factors of 63229986?
2, 3, 19, 293, 631
What are the prime factors of 78968820?
2, 3, 5, 7, 188021
What are the prime factors of 291485940?
2, 3, 5, 887, 5477
List the prime factors of 2990673.
3, 7, 37, 1283
List the prime factors of 217026373.
217026373
What are the prime factors of 63847446?
2, 3, 13, 641, 1277
List the prime factors of 92155137.
3, 127, 241877
What are the prime factors of 468237901?
468237901
What are the prime factors of 351189850?
2, 5, 11, 638527
What are the prime factors of 36263233?
43, 843331
What are the prime factors of 128738915?
5, 307, 83869
List the prime factors of 87139493.
7, 36293
What are the prime factors of 128698520?
2, 5, 29, 110947
What are the prime factors of 3390924713?
11, 71, 421, 10313
List the prime factors of 75714725.
5, 61, 131, 379
List the prime factors of 3437558.
2, 521, 3299
List the prime factors of 825055385.
5, 7, 11, 389, 787
List the prime factors of 264887895.
3, 5, 23, 131, 5861
List the prime factors of 720284998.
2, 360142499
What are the prime factors of 128684965?
5, 113, 421, 541
List the prime factors of 139586559.
3, 7, 19, 349841
List the prime factors of 93061850.
2, 5, 7, 265891
What are the prime factors of 73545290?
2, 5, 7, 13, 80819
List the prime factors of 58832134.
2, 29416067
List the prime factors of 2756131427.
7, 167, 2357683
List the prime factors of 828020758.
2, 239, 1732261
List the prime factors of 62587333.
62587333
List the prime factors of 354814876.
2, 13, 89, 76667
List the prime factors of 4633610031.
3, 373, 1380283
List the prime factors of 32726346.
2, 3, 199, 27409
What are the prime factors of 373133742?
2, 3, 19, 293, 11171
What are the prime factors of 6865031?
6865031
List the prime factors of 128089737.
3, 23, 31, 19961
What are the prime factors of 2156688452?
2, 539172113
List the prime factors of 27198185.
5, 7, 15859
List the prime factors of 2441458844.
2, 11, 29, 313, 6113
List the prime factors of 308657609.
13, 4513, 5261
List the prime factors of 6344629958.
2, 3172314979
What are the prime factors of 383991438?
2, 3, 349, 183377
What are the prime factors of 311240016?
2, 3, 47, 15329
What are the prime factors of 4290142851?
3, 107, 4454977
List the prime factors of 72326433.
3, 67, 151, 2383
List the prime factors of 1021125707.
7, 1433, 101797
List the prime factors of 20884527.
3, 773501
List the prime factors of 2750122806.
2, 3, 41, 997, 11213
List the prime factors of 25509861.
3, 13, 47, 4639
What are the prime factors of 423883414?
2, 211941707
List the prime factors of 150409063.
7, 21487009
List the prime factors of 90911748.
2, 3, 53, 223, 641
List the prime factors of 100662894.
2, 3, 509, 10987
What are the prime factors of 93217000?
2, 5, 31, 97
What are the prime factors of 447142307?
109, 4102223
What are the prime factors of 5058625763?
5058625763
List the